7
List the prime factors of 12038.
2, 13, 463
What are the prime factors of 18?
2, 3
What are the prime factors of 2038?
2, 1019
List the prime factors of 2252.
2, 563
What are the prime factors of 2820?
2, 3, 5, 47
List the prime factors of 12546.
2, 3, 17, 41
List the prime factors of 70488.
2, 3, 11, 89
List the prime factors of 2052.
2, 3, 19
What are the prime factors of 3573?
3, 397
List the prime factors of 5330.
2, 5, 13, 41
List the prime factors of 1237.
1237
What are the prime factors of 1657?
1657
List the prime factors of 1258.
2, 17, 37
What are the prime factors of 7511?
7, 29, 37
List the prime factors of 31828.
2, 73, 109
List the prime factors of 12761.
7, 1823
List the prime factors of 982.
2, 491
What are the prime factors of 794?
2, 397
List the prime factors of 43785.
3, 5, 7, 139
What are the prime factors of 2969?
2969
List the prime factors of 106738.
2, 83, 643
What are the prime factors of 849?
3, 283
What are the prime factors of 1468?
2, 367
What are the prime factors of 63705?
3, 5, 31, 137
List the prime factors of 16851.
3, 41, 137
What are the prime factors of 22758?
2, 3, 3793
What are the prime factors of 2414?
2, 17, 71
List the prime factors of 46070.
2, 5, 17, 271
List the prime factors of 825.
3, 5, 11
What are the prime factors of 38372?
2, 53, 181
What are the prime factors of 73828?
2, 18457
List the prime factors of 3580.
2, 5, 179
List the prime factors of 1026.
2, 3, 19
List the prime factors of 3353.
7, 479
What are the prime factors of 2920?
2, 5, 73
What are the prime factors of 3672?
2, 3, 17
List the prime factors of 27503.
7, 3929
List the prime factors of 80525.
5, 3221
What are the prime factors of 48614?
2, 109, 223
What are the prime factors of 25323?
3, 23, 367
What are the prime factors of 24383?
37, 659
What are the prime factors of 37?
37
What are the prime factors of 7212?
2, 3, 601
What are the prime factors of 3527?
3527
What are the prime factors of 203580?
2, 3, 5, 13, 29
List the prime factors of 2220.
2, 3, 5, 37
What are the prime factors of 6681?
3, 17, 131
List the prime factors of 4406.
2, 2203
List the prime factors of 39952.
2, 11, 227
What are the prime factors of 206105?
5, 41221
What are the prime factors of 572?
2, 11, 13
List the prime factors of 16779.
3, 7, 17, 47
What are the prime factors of 32481?
3, 401
List the prime factors of 68380.
2, 5, 13, 263
What are the prime factors of 1123?
1123
What are the prime factors of 19784?
2, 2473
What are the prime factors of 108418?
2, 151, 359
List the prime factors of 35084.
2, 7, 179
List the prime factors of 14725.
5, 19, 31
What are the prime factors of 14858?
2, 17, 19, 23
What are the prime factors of 60091?
60091
What are the prime factors of 4878?
2, 3, 271
List the prime factors of 556.
2, 139
What are the prime factors of 6659?
6659
List the prime factors of 7735.
5, 7, 13, 17
What are the prime factors of 1000?
2, 5
What are the prime factors of 32061?
3, 10687
List the prime factors of 49766.
2, 149, 167
What are the prime factors of 30744?
2, 3, 7, 61
What are the prime factors of 2554?
2, 1277
List the prime factors of 51421.
51421
What are the prime factors of 1035?
3, 5, 23
List the prime factors of 24272.
2, 37, 41
List the prime factors of 2700.
2, 3, 5
List the prime factors of 20317.
11, 1847
What are the prime factors of 1552?
2, 97
List the prime factors of 88.
2, 11
List the prime factors of 2802.
2, 3, 467
List the prime factors of 10548.
2, 3, 293
List the prime factors of 26424.
2, 3, 367
What are the prime factors of 5146?
2, 31, 83
List the prime factors of 3374.
2, 7, 241
What are the prime factors of 406?
2, 7, 29
What are the prime factors of 150?
2, 3, 5
List the prime factors of 26632.
2, 3329
List the prime factors of 1463.
7, 11, 19
List the prime factors of 5878.
2, 2939
What are the prime factors of 22281?
3, 7, 1061
List the prime factors of 77643.
3, 8627
List the prime factors of 5882.
2, 17, 173
What are the prime factors of 19390?
2, 5, 7, 277
What are the prime factors of 162697?
19, 8563
What are the prime factors of 1711?
29, 59
List the prime factors of 1804.
2, 11, 41
List the prime factors of 1478.
2, 739
List the prime factors of 7790.
2, 5, 19, 41
What are the prime factors of 35087?
13, 2699
List the prime factors of 1079.
13, 83
List the prime factors of 2381.
2381
List the prime factors of 18581.
17, 1093
List the prime factors of 177.
3, 59
List the prime factors of 13712.
2, 857
List the prime factors of 9539.
9539
List the prime factors of 213.
3, 71
What are the prime factors of 97849?
97849
List the prime factors of 988.
2, 13, 19
What are the prime factors of 2143?
2143
List the prime factors of 10997.
7, 1571
List the prime factors of 4152.
2, 3, 173
List the prime factors of 170.
2, 5, 17
List the prime factors of 36084.
2, 3, 31, 97
What are the prime factors of 38723?
38723
What are the prime factors of 6685?
5, 7, 191
List the prime factors of 409.
409
List the prime factors of 4611.
3, 29, 53
What are the prime factors of 5504?
2, 43
List the prime factors of 52103.
52103
List the prime factors of 21873.
3, 23, 317
What are the prime factors of 5207?
41, 127
List the prime factors of 15280.
2, 5, 191
What are the prime factors of 95581?
95581
What are the prime factors of 21243?
3, 73, 97
List the prime factors of 996.
2, 3, 83
What are the prime factors of 5591?
5591
List the prime factors of 125.
5
What are the prime factors of 21445?
5, 4289
What are the prime factors of 3508?
2, 877
List the prime factors of 34336.
2, 29, 37
List the prime factors of 36524.
2, 23, 397
List the prime factors of 29873.
29873
List the prime factors of 1066.
2, 13, 41
What are the prime factors of 2740?
2, 5, 137
List the prime factors of 15525.
3, 5, 23
What are the prime factors of 5930?
2, 5, 593
What are the prime factors of 39326?
2, 7, 53
List the prime factors of 52368.
2, 3, 1091
What are the prime factors of 4408?
2, 19, 29
What are the prime factors of 2382?
2, 3, 397
What are the prime factors of 3196?
2, 17, 47
List the prime factors of 17326.
2, 8663
What are the prime factors of 372?
2, 3, 31
List the prime factors of 5.
5
List the prime factors of 670.
2, 5, 67
What are the prime factors of 19616?
2, 613
List the prime factors of 11233.
47, 239
What are the prime factors of 8797?
19, 463
What are the prime factors of 6562?
2, 17, 193
What are the prime factors of 13128?
2, 3, 547
What are the prime factors of 2211?
3, 11, 67
What are the prime factors of 61021?
139, 439
What are the prime factors of 25165?
5, 7, 719
List the prime factors of 740.
2, 5, 37
What are the prime factors of 17176?
2, 19, 113
What are the prime factors of 5239?
13, 31
List the prime factors of 23452.
2, 11, 13, 41
List the prime factors of 9349.
9349
What are the prime factors of 394?
2, 197
What are the prime factors of 9621?
3, 1069
What are the prime factors of 315?
3, 5, 7
List the prime factors of 14044.
2, 3511
What are the prime factors of 52098?
2, 3, 19, 457
List the prime factors of 186.
2, 3, 31
List the prime factors of 4231.
4231
What are the prime factors of 40734?
2, 3, 31, 73
List the prime factors of 4484.
2, 19, 59
What are the prime factors of 3956?
2, 23, 43
List the prime factors of 10342.
2, 5171
List the prime factors of 746.
2, 373
What are the prime factors of 2200?
2, 5, 11
What are the prime factors of 2904?
2, 3, 11
List the prime factors of 5209.
5209
List the prime factors of 442.
2, 13, 17
List the prime factors of 35509.
35509
List the prime factors of 6901.
67, 103
What are the prime factors of 127688?
2, 11, 1451
What are the prime factors of 547?
547
What are the prime factors of 31420?
2, 5, 1571
What are the prime factors of 4562?
2, 2281
List the prime factors of 1631.
7, 233
What are the prime factors of 289?
17
What are the prime factors of 326?
2, 163
What are the prime factors of 453?
3, 151
What are the prime factors of 1875?
3, 5
List the prime factors of 21599.
21599
List the prime factors of 5038.
2, 11, 229
List the prime factors of 70298.
2, 35149
List the prime factors of 19406.
2, 31, 313
List the prime factors of 125964.
2, 3, 3499
What are the prime factors of 35685?
3, 5, 13, 61
List the prime factors of 5577.
3, 11, 13
List th